 -5*h - 5*u. What is the remainder when h is divided by l(-6)?
3
Suppose 4*o = 5*c - 55, 3*o - 35 = -2*c + 10. What is the remainder when 433 is divided by c?
13
Let k = 8 - 8. Suppose k = -m + 3*m - 30. Suppose 0 = -q + m - 0. Calculate the remainder when 43 is divided by q.
13
Let f(a) = 4*a. Suppose 0*g + 150 = 2*g. Let r = g - 70. Calculate the remainder when f(2) is divided by r.
3
Let q = 858 + -784. Suppose 0 = 2*l + 3*n - 0*n - 167, 2*l - 177 = -5*n. Suppose 2*x - 6*x + l = 0. What is the remainder when q is divided by x?
17
Suppose -p = -33 - 33. Let b = 17 + -52. Calculate the remainder when p is divided by 363/21 - (-10)/b.
15
Let w = -24 + 54. Let z be 0/1*(-2 + 3). What is the remainder when 120 - (2 + (1 - z)) is divided by w?
27
Let i(h) = -h**3 - 6*h**2 + 4. Let u be i(-6). Let l = -2 + u. Calculate the remainder when 4 is divided by l.
0
Suppose -2*x = 4*k - k - 446, 3*x = -4*k + 595. What is the remainder when k is divided by 51?
46
Suppose 0 = -j + 16 - 3. Suppose r = t + j, -2*t = -r - 6*t + 38. Suppose 6*f - r = 3*f. Calculate the remainder when 29 is divided by f.
5
Let j(t) = -t**2 - 10*t + 1. Let q(k) = -8 + 4*k + 9 - 3*k - 8*k**2. Let z be q(1). What is the remainder when j(z) is divided by 9?
7
Suppose 0 = h - 0*h - 24. Let o be (-2)/(-9) - (-237)/27. Suppose c - o = -l, 5*c + 70 = 4*l - 2. What is the remainder when h is divided by l?
11
Suppose -799 = 18*q - 4147. Suppose -98 = c - q. What is the remainder when c is divided by 18?
16
Suppose -2*v + 2*q + 80 = 4*q, 4*v - 170 = q. What is the remainder when v is divided by 25?
17
Let h = 26 - 27. Calculate the remainder when (-28 + h)/((-4)/8) is divided by ((-6)/(-3))/((-4)/(-30)).
13
Suppose -4*w = 547 + 57. Let s = -8 - w. What is the remainder when s is divided by 24?
23
Suppose 9*i - 4*i = -m + 3494, 3*i - 5*m = 2102. Calculate the remainder when i is divided by 9.
6
Let s = 8 - -12. Suppose 118*w + 30*w = 5624. Calculate the remainder when w is divided by s.
18
Suppose 0 = -3*l - 4*l + 21. Calculate the remainder when 208 is divided by l.
1
Calculate the remainder when (2/10*-4)/(5/(-425)) is divided by 15.
8
Let u = -1068 + 1094. Suppose -5*k + 22 - 7 = 0. Suppose -d = l - 17, 2 = l - 3*d - k. Calculate the remainder when u is divided by l.
12
Let u = 47 + -7. What is the remainder when 156 is divided by u?
36
Let j be 15/(-6)*-2*-1. Let u(r) = r**2 + 3*r - 4. Calculate the remainder when 10 is divided by u(j).
4
Let d(y) = -6*y**2 - 2*y - 10. Let l(j) = 5*j**2 + 9. Let c(z) = 2*d(z) + 3*l(z). What is the remainder when c(5) is divided by 33?
29
Calculate the remainder when 93 is divided by (-110)/(-935) - 1016/(-34).
3
Suppose 3*k + 5*j = 242, -5*k + j - 152 = -7*k. Calculate the remainder when k is divided by 25.
24
Let r = 545 + -472. What is the remainder when r is divided by 13?
8
Let f(h) = h**2 + 12*h + 13. Let t be f(-10). Let g = t - -71. Let n = 127 - g. What is the remainder when n is divided by 16?
15
Suppose -z - 21 = v - 3*v, -2*z = -2*v + 42. Let s = z - -51. What is the remainder when 110 is divided by ((-112)/(-6))/(20/s)?
26
Suppose -79 - 79 = -4*t - 2*x, -3*x - 75 = -2*t. Let d = -13 + t. Calculate the remainder when (28/8)/7*d is divided by 8.
5
Let n = -2 + 73. What is the remainder when n is divided by 9?
8
Suppose -o - 3*l = -158, -4*o - 3*l + 2*l + 665 = 0. What is the remainder when o is divided by 19?
15
Let y = -17 + 19. Suppose -2*h - 5*a + 3*a - 6 = 0, 2*h + a + 1 = 0. Suppose 2 = 5*s - 2*o, -2*o = h*s - 3*o. Calculate the remainder when y is divided by s.
0
Let c(h) = h**3 + 5*h**2 + 2*h - 2. Let l = 50 + 9. Suppose 81 = 5*q - l. Calculate the remainder when q is divided by c(-3).
8
Let t(f) = -f**3 + 9*f**2 + f + 9. Let g be (-12)/2*(-8)/6. Suppose g = -2*x - 0*x, 3*x = l - 20. What is the remainder when t(l) is divided by 21?
18
Suppose 39*w = 44*w - 460. Calculate the remainder when w is divided by 48.
44
Let u(l) = l**3 - 5*l**2 - 3*l + 6. Suppose 152 - 607 = 7*a - 72*a. Calculate the remainder when u(6) is divided by a.
3
Let v(p) = 0*p + 2*p - p - 2 - 4*p. Let t(k) = -4*k - 3. Let r(g) = -4*t(g) + 5*v(g). What is the remainder when r(10) is divided by 7?
5
Let h(i) = i**3 + 6*i**2 + 7*i + 2. Suppose -2*k - 5*t = -10, 8 = k - 2*t + 21. Let g be h(k). Let n = g + 16. Calculate the remainder when 31 is divided by n.
7
Calculate the remainder when 68 is divided by (-465)/(-20) - (-1)/4*-1.
22
Let a(v) = -44*v - 6. Calculate the remainder when a(-5) is divided by ((-135)/10)/(9/(-18)).
25
Suppose -5*q + 0 + 55 = 0. Let h = 128 + -34. Suppose -h - 32 = -6*j. Calculate the remainder when j is divided by q.
10
Let v = -32 + 23. Let f = v - -11. Suppose 0 = g - 4 - f. What is the remainder when 15 is divided by g?
3
Let c = 798 - 698. What is the remainder when 5398 is divided by c?
98
Let i = -1 - -14. Let f be 1 + 1*-1 + (57 - -86). Let r = f - 107. Calculate the remainder when r is divided by i.
10
Suppose 0 = 5*d - 28 + 8. Let h = -17 - d. Let z = h + 45. Calculate the remainder when 95 is divided by z.
23
Let z = 168 - 200. Suppose -x - 217 = -3*k, -3*x = -2*k - 5*x + 158. Let w = k + z. What is the remainder when w is divided by 15?
12
Let v = -2 + 0. Let p be v + (1 - 2 - 135). Calculate the remainder when 53 is divided by p/(-10) - 7/(-35).
11
Let u(k) = -k**3 - k**2 + 3*k + 4. Suppose -3*h - 103 - 86 = 0. Let w = 1 - h. Calculate the remainder when w is divided by u(-3).
12
Let w(v) = 2*v + 112. Calculate the remainder when w(0) is divided by 32.
16
Let l = -31 - -54. Let p = 3 + -1. Suppose -5*h + 235 = 4*y, 66 = p*h + 2*y - 6*y. What is the remainder when h is divided by l?
20
Let s(n) = 4 + 55*n**2 + 11 + 2*n - 16. Calculate the remainder when s(1) is divided by 59/3 - (-1)/3.
16
Suppose -11 = -3*b - 5*v + 296, -20 = -4*v. Calculate the remainder when b is divided by 7.
3
Let l(f) = -11*f**3 - 14*f**2 - 35*f + 11. Calculate the remainder when l(-4) is divided by 53.
48
Let z(s) be the first derivative of 3*s**2/2 - 2*s - 8. What is the remainder when 59 is divided by z(4)?
9
Let r = -81 - -88. What is the remainder when 48 is divided by r?
6
Suppose -39 = -n + 5*p, 5*p + 21 + 274 = 5*n. Calculate the remainder when n is divided by 17.
13
Calculate the remainder when 87 is divided by ((-2622)/76)/((-6)/8).
41
Let p = 139 - 130. Suppose 0 = -p*r + 12*r + 2*z - 37, 3*r - 2*z = 29. What is the remainder when 120 is divided by r?
10
Let h = 1 - -10. Suppose 13*t = h*t. Suppose t = -l + 29 + 7. Calculate the remainder when 143 is divided by l.
35
Let i = -1387 + 2003. Suppose 4*r - 2*q = -0*q + i, -8 = 4*q. What is the remainder when r is divided by 31?
29
Suppose 261*y - 540 = 251*y. Suppose -4*l + 22 = 3*j, -l = -4*j - 2*l + 38. Calculate the remainder when y is divided by j.
4
Suppose 4*x - 65 = -21. Let a = 1740 + -1173. What is the remainder when (-2)/(-3)*a/18 is divided by x?
10
Suppose 3*j - 12 = -3*v, 2*j = 3*v + 17 + 1. Suppose 5*s = -5*n + j*s + 115, -68 = -2*n - 4*s. What is the remainder when 95 is divided by n?
23
Let r(b) = -b**2 - 47*b - 106. What is the remainder when r(-40) is divided by 62?
50
Let d = -7040 + 7089. Suppose 4*q - 306 = -3*o + q, -2*o - 4*q = -214. What is the remainder when o is divided by d?
48
Suppose -5*z + 3*x = -380, -4*z + 6*z = -4*x + 178. What is the remainder when z is divided by 8?
7
Let q(y) = -y**3 + 26*y + 12. Calculate the remainder when 711 is divided by q(5).
14
Let x = 510 - 276. What is the remainder when x is divided by 5?
4
Let d(j) = 8*j**2 + j - 1. Suppose -3*y - 15 = -8*y. Let i be (-6)/(-4)*4/y. Calculate the remainder when d(i) is divided by 12.
9
Let n = 717 + -352. What is the remainder when n is divided by 63?
50
Suppose -h + 5*j + 305 = 0, 2*j - 647 + 25 = -2*h. What is the remainder when h is divided by 64?
54
Let s(a) = a**2 - 2*a + 1. Let x be s(12). Let z = 76 + x. Let w = z + -80. Calculate the remainder when w is divided by 17.
15
Let h(x) = x**3 - 12*x**2 + 4*x - 3. Calculate the remainder when 132 is divided by h(12).
42
Suppose 2*t = -172 - 6. Let w = -51 - t. Calculate the remainder when w is divided by ((-5)/7 - -1) + (-1700)/(-175).
8
Let g be (-18)/(-2 + -1 + 1). Suppose g - 1 = -4*w. Calculate the remainder when 21 is divided by 9 - (5 + w + -6).
